 6*f**2 + 7*f. Calculate y(t).
0
Let m(a) = 7*a**2 + 9*a - 10. Let l(v) = -16*v**2 - 22*v + 23. Let h(c) = 3*l(c) + 7*m(c). Let f = 12 - 7. Determine h(f).
9
Let v(r) = -4*r**2 - 11*r - 5. Let b(m) = m**2 + 3*m + 2. Let z(k) = 7*b(k) + 2*v(k). Determine z(-3).
-2
Let x(y) = -29*y**3 - y**2 - 2*y - 2. Suppose 0 = 8*v - 613 + 621. Give x(v).
28
Let n(h) = -3*h**2 - h - 1. Suppose 2*t - 4*c + 10 = 0, -3 = 2*t - 3*t - 2*c. Give n(t).
-3
Let m be 14/(-6)*((-132)/(-4))/11. Let t(w) = w**3 + 7*w**2 - w - 10. Give t(m).
-3
Let q = -35 + 36. Suppose -c - c + 4 = 0. Let n(h) = -4*h**2 + c*h**2 - 4*h**2 + 2*h**2. What is n(q)?
-4
Let h(d) be the second derivative of -d**4/12 + 3*d**2/2 - d - 60. Calculate h(-4).
-13
Let q(v) = 4*v + 1. Suppose -5*i - 8 = -4*w, -4*i = -i - w + 9. Let k be 2/(1 + 0/i). Let d = 1 - k. What is q(d)?
-3
Let z(x) = -x - 11. Let o(i) = i**3 - 4*i**2 - 22*i - 1. Let l be 4/4 - 4 - (-9 + -1). Let h be o(l). Determine z(h).
-3
Let g = -7 + 9. Suppose 0 + 9 = 3*l, 3*l - 21 = g*j. Let n(u) = 2*u + 7. What is n(j)?
-5
Let a = -8 - -5. Let y(r) = -r - 2 - 2*r + 5*r + 3 + 0. Determine y(a).
-5
Let o(c) be the first derivative of -2*c**3 - c**2/2 + c + 164. Calculate o(-2).
-21
Let d(s) = 6 + 4*s - 3 - 136*s**2 + 70*s**2 + 65*s**2. Calculate d(-4).
-29
Let o(z) = -2*z + 1. Let q(c) = -c + 2. Let l = 34 + 0. Suppose -2*v - 21 = 3*f, -3*v - 2*f - 3*f = l. Let b(g) = v*q(g) + 2*o(g). Give b(-3).
-1
Let g(u) be the third derivative of -u**5/60 - u**4/6 - u**3/6 - 72*u**2. Calculate g(-4).
-1
Suppose 0 = -7*y + 94 - 479. Let c = 55 + y. Let g(f) = f**2 - f + 8. Give g(c).
8
Let b = 129 + -118. Suppose 0 = -2*d + 1 - b. Let q(l) = -l**3 - 6*l**2 - l + 1. Calculate q(d).
-19
Let b(k) = -k**3 + 6*k**2 - 3*k + 20. Suppose 3*o + 198 = 36*o. What is b(o)?
2
Let k(l) = 3*l - 13. Let x(o) = -6*o + 12. Let c(m) = -3*k(m) - 2*x(m). Determine c(-6).
-3
Let p = -20 + 23. Let i(u) = 0 + u**p - 6*u + 7*u - 8*u**2 - 10 + 7*u. Calculate i(7).
-3
Let n(j) = 2*j + 2*j + 3*j**2 + 2 + 1. Let r(h) = -36 + 23 - 5*h - 4*h**2 + 9. Let u(s) = -5*n(s) - 4*r(s). What is u(2)?
5
Let a(h) = -7*h**2 - 10*h - 17. Let u(k) = k**2 + k + 2. Let n(z) = -a(z) - 6*u(z). Calculate n(-4).
5
Let h(c) = 23*c + 90. Let b(t) = -35*t - 140. Let q(w) = 9*b(w) + 14*h(w). Let g = 3 + -1. Give q(g).
14
Let o(f) = f**3 - 5*f**2 + 6*f + 1. Let y(l) = -6*l**3 - 94*l**2 + 6*l + 7*l**3 + 89*l**2. Let k be 1 + -9 + 2 + 1. Let g(v) = k*o(v) + 6*y(v). What is g(4)?
3
Let w(l) = 7*l + 5. Let y be 2*-1 + (-45 - -49). Give w(y).
19
Suppose -23 = -4*j - j + 2*z, 0 = 3*z - 3. Suppose 550 = -j*q - 4*f, -2*q - 4*f + 54 = 262. Let x be 6/(-14) + q/(-21). Let d(g) = g**2 - 4*g - 5. What is d(x)?
0
Let f(u) = 1 + u + 4*u + 2*u - 2*u + u**2 + u. Calculate f(-4).
-7
Let i(x) be the first derivative of -x**4/4 - 2*x**3/3 - 2*x + 8. Calculate i(-3).
7
Suppose -4*t - 10*t = -2*t. Let y(j) = j + 11. Determine y(t).
11
Let b be -1*16/(-12)*(-2 - 1). Let y(l) = l**3 + l**2 - 7*l - 7. Calculate y(b).
-27
Let p(v) be the second derivative of v**3/3 - 3*v**2/2 - 2*v + 97. Let c(x) = -x**3 + x - 2. Let k be c(-2). Determine p(k).
5
Let g(z) = 2*z - 3. Suppose -7*u + 15 = -2*u, -5*u = 3*i - 21. Calculate g(i).
1
Let d(o) = o**2 + o + 3. Let g(z) = z**2 - 10*z + 21. Let k be g(5). What is d(k)?
15
Let t = 6 - 4. Suppose o - t = -1. Let q(u) = 11*u - 12. Let b(r) = 13*r - 14. Let h(m) = -5*b(m) + 6*q(m). Give h(o).
-1
Let a(k) = 3*k + 26. Let w be a(-9). Let m(r) be the third derivative of -1/20*r**6 + 1/60*r**5 + 1/6*r**3 + 1/12*r**4 + 0 + 0*r + 5*r**2. Determine m(w).
6
Let g(f) be the second derivative of -18*f + 1/20*f**5 - 1/12*f**4 + 0 - 2/3*f**3 + 1/2*f**2. Give g(3).
7
Let b(u) = 4*u - 6. Let d be b(0). Let p be ((-9)/d)/((-4)/8). Let o(x) = 2*x**2 + 3*x - 3. What is o(p)?
6
Let w(p) = 5*p + 5. Let i = -316 - -314. Give w(i).
-5
Let b(o) = -5*o**2 - 13*o + 2. Let c(n) = -9*n**2 - 26*n + 2. Let t(k) = 7*b(k) - 4*c(k). Give t(-13).
6
Let h = -22 + 20. Let u(t) = 5*t**2 + 1 - 181*t + 92*t + 87*t - 2*t**2. What is u(h)?
17
Let m(q) = -q**2 - 2*q - 2. Let j be 1/(-1*(-4 - 78/(-18))). Determine m(j).
-5
Let x(w) = -w**2 - 6*w - 1. Let y = 60 + -57. Suppose 5*o = 5*d - 35, 2*o + 2 = -y*d - 2. What is x(o)?
4
Let h = -39 - -45. Let p(y) = 4*y**2 - 5 - 3*y**2 - 8*y + 2. Let x(k) = -k - 1. Let u(z) = p(z) - 2*x(z). Determine u(h).
-1
Let h(p) = p**2 + 3*p - 9. Let q = 3 - 1. Let t(x) = 5*x**2 + 15 + 9*x - 29 + 5*x - 32. Let f(n) = q*t(n) - 11*h(n). What is f(-5)?
7
Let v(x) = x**3 - 4*x**2 - 2*x + 2. Suppose -l + 16 = 3*l + 2*s, l - 4 = 4*s. Suppose -z + 4*z + 45 = 4*a, -l*a = 0. Let k be 8 - 0 - (-11 - z). Determine v(k).
-6
Let i be ((-174)/(-24) + -7)*4. Let b(n) be the first derivative of n - 1/2*n**2 + i - 1/3*n**3. What is b(2)?
-5
Let t(l) = -l**3 + 5*l**2 + 6. Let i(k) = -k - 3. Let b be i(-7). Suppose -3*o = -2*w - 2, -2*o - 1 = -w - b. Calculate t(w).
6
Let s(o) = 3*o**2 + 6*o + 7. Let i(f) = -4*f**2 - 6*f - 7. Let g(v) = -2*i(v) - 3*s(v). What is g(-7)?
-14
Suppose -6*g = -18*g. Let o(m) = g*m - m**2 + 66 - 61 + 4*m + 2*m. Give o(6).
5
Let n be 0/((-3 + 4)/(-1)). Let o(m) = -8*m**2 + n*m + 4*m**2 + 2*m - 3*m. Calculate o(-1).
-3
Let j(i) = i**3 - 9*i**2 + 3*i + 3. Suppose -26 = 23*l - 233. Give j(l).
30
Let f be -1 + (-6)/(-2) - -4. Let v be (-18)/(-4)*(f/9 - 2). Let o(a) = a**3 + 7*a**2 + 5*a - 7. What is o(v)?
-1
Let o = 141 - 137. Let x(b) be the first derivative of -7*b + o + 1/2*b**2. What is x(5)?
-2
Let g(l) = -6*l - 153. Let s be g(-26). Let f(i) = -i**3 + 3*i**2 - 3*i + 3. What is f(s)?
-6
Let b(d) be the third derivative of -3*d**2 + 0 - 1/3*d**3 - 1/12*d**4 + 0*d. Calculate b(4).
-10
Let y(i) = -2*i - 2*i - 211 + 213. Suppose -5*q - 25 = 0, 4*q = 3*u - 17 - 9. Suppose 2*b + u*b - 28 = 4*z, -4*b = -z - 22. Give y(z).
10
Let t(q) = -12*q**3 + 9*q**2 + 16*q + 1. Let r(y) = -5*y**3 + 5*y**2 + 8*y. Let f(w) = 7*r(w) - 3*t(w). Determine f(-7).
-10
Suppose 2 - 4 = -f. Let o(h) = 4*h - 10*h**2 - 3 + 13*h**2 - f - h**3. Let n be ((-3)/(-1))/((-6)/(-8)). What is o(n)?
-5
Let g(s) = 2*s + 8. Let y be g(6). Suppose -2*k + 0*k = 2*n, 0 = 3*k - n - y. Let a(o) = o - 2 + 3*o + 2*o**2 + 2*o - 3*o**2. Give a(k).
3
Let h = 4 + -16. Let y = 18 + h. Let u(t) = -t**2 - 8 - y*t**3 + 7 + 3*t**2. Calculate u(-1).
7
Let v(d) be the first derivative of 2*d**2 - 3*d + 1. Suppose 283*i - 297*i = -42. Determine v(i).
9
Let v(h) be the second derivative of 0 - 1/12*h**4 - h**3 - h**2 + 6*h. Calculate v(-4).
6
Let b(j) = j**2 - 13*j + 18. Let f = -1103 + 1116. Give b(f).
18
Let y(d) be the second derivative of -d**4/12 - d**3/2 + 4*d**2 - 18*d + 1. What is y(-6)?
-10
Let j(f) = f**3 - 5*f**2 + 7*f - 9. Let n be j(4). Suppose 0*r - r + 3*t - 12 = 0, 8 = -n*r - 5*t. Let i(o) = o**3 + 6*o**2 - 2*o + 6. Determine i(r).
18
Let m(g) = -g**3 - g**2 + 3*g + 1. Suppose -15 + 13 = -u. Let d be ((-2)/(-4))/((-1)/(-4)). Suppose 6*z - 3*z + 21 = -5*q, u*q - 2*z + d = 0. Calculate m(q).
10
Let f(m) = m**3 + 14*m**2 - 14*m + 19. Let l be f(-15). Suppose -y = -l*y. Let q(i) = -i**3 - i**2 + 9. Determine q(y).
9
Let j(d) = 30*d - 17*d - 8*d + 2*d**3 - d**3 - 6*d**2. What is j(4)?
-12
Let n(i) = -5*i**2 - 19*i - 6. Let m(z) = -12*z**2 - 42*z - 11. Let w(s) = -3*m(s) + 7*n(s). Suppose 16 + 12 = 4*o. Give w(o).
-9
Let t be ((-12)/(-9))/((-2)/(-6)). Let j(f) = t*f - 2*f - 12 - 3*f. Suppose -3*m - 18 = -2*n, 5*n = -149*m + 146*m - 18. Determine j(n).
-12
Let g(q) = -q**2 + q - 5. Suppose -60*h + 67*h = -35. Calculate g(h).
-35
Suppose 0 = 3*n - 2 + 11. Let j be n/1 - (-4 - -1). Let z(h) = h**2 + 5*h - 15. Let y(l) = -l**2 - 6*l + 16. Let r(c) = -4*y(c) - 5*z(c). Determine r(j).
11
Suppose -2*w - 2*l + 13 = -23, -2*w - l + 31 = 0. Let b(f) = -2*f**2 + 26*f + 5. Determine b(w).
5
Suppose 0 = 4*p + 2*c - 36 - 2, 3*c = -p + 17. Suppose 0 = -s + 4*h - 1 + 5, 2*s - 2*h = p. Let t = 1 + s. Let a(b) = b. Give a(t).
5
Let t(k) = 2*k + 4 + 127*k**3 - 128*k**3 + 4*k. Let u be t(-2). Let j(s) = s + 4. Give j(u).
4
Suppose 3*p + 5*w - 5 = -3, -4*p = -3*w + 7. Suppose -5*j + 4690 = 335. Let r(a) = 0*a**2 - 1 + 870*a - j*a + 2*a**2. Give r(p).
2
Let l(v) = 2 + 2*v**3 - 8 - 6*v**3 - 6*v + v**2 + 4*v**3 + v**3. What is l(-3)?
-6
Let l(q) = -39*q + 21*q + 2 + 19*q -